8
Let z(l) be the first derivative of -4*l + 7 + 1/4*l**4 + 5/3*l**3 + l**2. Give z(-4).
4
Let k(v) = v**3 - 3*v**2 - 3*v - 4. Let x = -7 + 11. Determine k(x).
0
Suppose -5*c + s = -0*s - 29, -4*s - 21 = -c. Suppose 0 = 5*l + 2*p - p - 12, 0 = 5*l + c*p. Let b(n) = -n + 3 - l. Calculate b(-2).
2
Suppose a + 2*a = 9. Let k be 38/8 + (-2)/(-8). Let r = k - a. Let c(i) = -2*i**2 + 2*i - 1. Determine c(r).
-5
Suppose -12*p - 29 = 43. Let m(q) = -4*q. Determine m(p).
24
Suppose 2*l + 2*m - 6 = 0, 5*l = -10*m + 8*m + 9. Let t(a) = a**2. Determine t(l).
1
Let v(m) = 6*m - 1. Let s(k) = 5*k - 1. Let f(l) = -2*l + 10. Let c be f(7). Let t(u) = c*s(u) + 3*v(u). Give t(4).
-7
Let l(d) = d**2 + 1. Let q(v) = v**2 + 7*v + 3. Let n(i) = -2*l(i) + q(i). Determine n(7).
1
Let o(v) be the third derivative of v**5/30 - v**4/8 + v**3/3 - 7*v**2. What is o(2)?
4
Let n(q) = q**3 + 3*q**2 + 4*q + 2. Let d(w) = w - 3. Let i be d(1). Calculate n(i).
-2
Let i(n) = 3*n - 2. Let z be i(1). Let b(m) = -z + 6 + 2*m - m. Calculate b(0).
5
Let n(s) be the third derivative of s**5/60 + s**4/24 + 3*s**3/2 + 8*s**2. Give n(0).
9
Let t(m) = -3*m + 2. Let r(k) = 7*k - 4. Let v(o) = 4*r(o) + 9*t(o). Suppose -2*l + 0*l - 2 = 0, n = 3*l + 9. Let d be 1*6*3/n. Calculate v(d).
5
Let v(o) = o. Suppose -6*c + 4*c = -14. Suppose 3*j + c = y, 5*j + 2*y + 2 = -6. Let f be -3 - j/(2/7). What is v(f)?
4
Let b(v) = 2*v + 2. Let z = 2 - 0. Let h(d) = -d - 2. Let t(p) = z*b(p) + 3*h(p). Give t(2).
0
Let n = -106 - -108. Let y(o) be the second derivative of -2*o**n + 0 + 3*o + 1/6*o**3. What is y(-5)?
-9
Let o(v) = 0 - 3 + 2*v + 2. Let a = 25 - 28. Calculate o(a).
-7
Let w(z) = -3*z**2 + 2*z - 2*z**2 + 4*z**2. Suppose 27 = 4*a + 3*p, -2 = -2*a + 3*p + 7. Suppose 0 = -3*b + 2*c + 3, 2*c = -b + c + a. Determine w(b).
-3
Let p(j) = -5 - 7 - 26*j + 27*j. Give p(9).
-3
Let r(x) be the second derivative of 7*x**4/12 + x**2/2 + 11*x. What is r(-1)?
8
Let f(c) be the third derivative of c**6/120 - c**5/15 + c**4/12 - 2*c**2 - 8. What is f(3)?
-3
Let k(h) be the second derivative of 1/20*h**5 + 0 - 5/2*h**2 - 1/6*h**3 - 2*h + 2/3*h**4. Let d be k(-8). Let z(f) = f**3 - 3*f**2 + f + 1. Give z(d).
4
Let n(q) = -4*q + 9. Let r(k) = 0*k - 1 + 3*k - 7. Let l(i) = 6*n(i) + 7*r(i). Let g = 95 + -97. Give l(g).
4
Let w(l) = -l**3 - l**2 + 8. Let g be w(0). Let c(o) = -g*o + 4*o + 4 - 8. Calculate c(-3).
8
Let h(b) = -5*b**2 + 17*b + 25. Let m(p) = p**2 - 4*p - 6. Let n(r) = -2*h(r) - 9*m(r). What is n(-3)?
7
Let l(f) be the second derivative of -f**8/6720 + f**7/504 - f**6/120 + f**5/120 + f**4/2 + 4*f. Let j(i) be the third derivative of l(i). Calculate j(4).
-7
Let r(b) be the third derivative of b**6/30 + b**5/60 - b**3/6 + 3*b**2 + 2*b. Calculate r(1).
4
Let p(d) = -1 - d + d - d. Let i(v) = -14*v**2 + 0*v - v + v**3 + 17 + 0*v. Let f be i(14). What is p(f)?
-4
Let v(a) be the third derivative of -a**6/120 + a**5/15 + a**4/24 + 5*a**3/6 + 8*a**2. Determine v(5).
-15
Let z(x) = -6*x**3 - 11 - 13*x**3 + 18*x**3 + 8*x**2. What is z(8)?
-11
Let t = -7 + 5. Let a(o) = 3*o + 2. What is a(t)?
-4
Let u(s) = s**3 + s**2 + 6*s + 7. Let j(m) = -m**3 - 7*m - 8. Suppose -20 = -5*n + 10. Let r(v) = n*u(v) + 5*j(v). Calculate r(-6).
-4
Let p(m) = 16*m - 1. Let o(h) = 3*h. Let q(n) = -n**3 + 9*n**2 + 11*n - 14. Let g be q(10). Let z(j) = g*p(j) + 22*o(j). What is z(-3)?
-2
Let s(z) be the second derivative of -z**4/6 - z**3/6 - 3*z. Let t be (-3)/(-4) - (-1)/4. Let u be (3*3/9)/t. Determine s(u).
-3
Let c be (-1)/(-3) - 22/(-6). Let u be (-1 + (-10)/(-6))*3. Let q(z) = 0*z + z**2 - z - 2*z**u + c - 6. Determine q(2).
-8
Let u(f) = 4*f + 5. Suppose 3*c + 8 = c. Determine u(c).
-11
Let m(z) = -z - 7. Let i(n) = -3*n - 48. Let g be i(-15). What is m(g)?
-4
Suppose -k = k - 14. Suppose 0 = -i - 5*u, -5*u + 19 = 4*i - 4*u. Let y = k - i. Let l(g) = -4*g + 1. Give l(y).
-7
Let j(b) = -5 - 2 + 8 - b. Suppose 2*y + 2*y = 20, 22 = -3*c + 5*y. Determine j(c).
0
Let o(u) be the third derivative of 0*u + 8*u**2 - 1/60*u**5 + 0 + 0*u**3 + 5/24*u**4. Let y(c) = c**2 - 3*c + 4. Let z be y(3). Give o(z).
4
Let h = -18 + 15. Let v(w) = w**3 + 2*w**2 + 3*w - 3. Calculate v(h).
-21
Let a(z) = -2*z**3 - 4*z**2 - 4*z - 3. Suppose -2*q + 6 = -0*q. Let d be 2/(q/3*1). Suppose -5*w + 0*k - 4 = -d*k, 0 = -w + k + 1. What is a(w)?
5
Let d = 11 - 9. Suppose -d*o - 6 - 6 = 0. Let h(j) = j - 1. What is h(o)?
-7
Let l be 5/2*(-16)/(-20). Let a(o) = 1 - 1 + o**3 - o**l + 2. Suppose -2*m = 3*m. Calculate a(m).
2
Let a(m) be the first derivative of -m**4/4 + 4*m**3/3 + 3*m**2 + m + 22. Calculate a(5).
6
Let w(q) = -q - 4. Let r = 129 + -66. Let a be r/(-12) - 2/(-8). Determine w(a).
1
Let l(r) = -r**3 - 2*r**2 + r - 2. Suppose -n - 184 = -5*n. Suppose 5*v + 6 = 4*a + n, -4*a = 0. Let p = v + -11. Give l(p).
4
Let t(o) = 2*o**2 - 5*o - o**3 - o**2 + 4 - 7*o**2. What is t(-5)?
4
Let u(m) = -m + 7. Let n(w) = -2*w + 6. Let o be n(6). Calculate u(o).
13
Let h(k) = -k**2 - 6*k + 1. Let u(j) = j**2 - j - 5. Let o be u(0). What is h(o)?
6
Suppose -4*h = -2*v, 2*v - h = -2*h + 5. Suppose 0 = v*t - t - 2. Let m(l) = -3*l**2 + l + 4*l**t + 0*l. What is m(2)?
6
Let q(w) be the first derivative of -w**4/4 + 4*w**3/3 - 2*w + 17. What is q(3)?
7
Let j = -1 + 6. Suppose -2*i + j*i = -15. Let q(g) = -g - 9. Calculate q(i).
-4
Let q(u) = -u**3 - u**2 + u + 3. Let h be q(0). Let a be 0/4 - h - -9. Let k(d) = d**3 - 5*d**2 - 6*d + 5. Give k(a).
5
Let v(h) be the second derivative of 11*h**7/840 - h**6/360 - h**5/120 + h**4/24 + h**3/3 - 4*h. Let s(k) be the second derivative of v(k). Give s(1).
10
Let s(z) = 31*z + 2. Suppose -v - 1 = -5*t + 9, 4 = 2*v - 2*t. Suppose -v*h = -h + 24. Let o(r) = -16*r - 1. Let i(p) = h*s(p) - 11*o(p). Give i(-1).
9
Let a(y) be the first derivative of 3*y**2/2 + 7*y + 3. Determine a(-6).
-11
Let n(g) = g**3 - 3*g**2 + 1. Suppose 3*i + 3*l + 18 = 0, -2*i = -4*i + 5*l + 16. Let u(r) = -2*r - 2. Let j be u(i). Determine n(j).
-3
Let k(a) = a**3 - a + 6. Let s be -1 - 1*(0 - 1). Let q be k(s). Let t = -4 + q. Let c(l) = -3*l**2 + 3*l - 2. Give c(t).
-8
Let c(s) = -1. Let l(t) = -t + 3. Let x(k) = 2*c(k) + l(k). Let m be x(-4). Let n(z) = z**2 - 5*z. What is n(m)?
0
Let f(p) = 6*p**3 + 2*p**2 - 3*p - 2. Let z(y) = -3*y**3 - y**2 + 2*y + 1. Let k(d) = -3*f(d) - 5*z(d). Give k(1).
-4
Suppose 2*d + 6 = 4. Let y(q) = 5*q**3 + q**2 + 2*q + 1. What is y(d)?
-5
Let f = -5 + 3. Let t(k) = 4*k**2 + 4. Let b(w) = 11*w**2 + w + 11. Let c(p) = 3*b(p) - 8*t(p). Determine c(f).
-1
Let p be (13 - 1)*((-45)/6 - -7). Let q(r) = -r**2 - 9*r - 7. Calculate q(p).
11
Suppose 4*z - 9 = 3. Let c(i) be the first derivative of -1/2*i**2 - z*i + 1. What is c(-5)?
2
Let x = -8 - -5. Let a(d) = d**3 + 4*d**2 - 4. Determine a(x).
5
Let g(r) = -r**2 - 8. Let h be (0 + 2)/((-2)/(-3)). Let m(a) = 4*a + 1. Let n be m(-1). Let d = h + n. Calculate g(d).
-8
Let s(c) = -5*c**3 + 15*c**2 + 5*c - 12. Let j(b) = 4*b**3 - 14*b**2 - 6*b + 11. Let a(u) = 6*j(u) + 5*s(u). Give a(-8).
30
Let b be (-3)/4 - 4/(-4). Let i(s) be the second derivative of 0 - 1/6*s**3 - s**2 + 1/20*s**5 + s + b*s**4. Calculate i(-3).
1
Let g = 7 - 6. Suppose z = -0*z - g. Let h(a) = 0 + 4*a**3 + a**2 - 11*a**3 - 2*a**2 + 1. Give h(z).
7
Let f(w) = -w**3 + 4*w**2 - 4*w + 4. Let o(k) = k - 1. Suppose -5*b = -8 + 3. Let h(l) = b*f(l) + 3*o(l). Give h(4).
-3
Let r(t) = -t + 1. Suppose h - 13 = -c, -8*h = -4*h - 16. Determine r(c).
-8
Let a(i) = i**2 - i + 1. Let k(c) = -c**3 - c - 3. Let r(x) = -5*a(x) - k(x). What is r(4)?
6
Let z = -20 - -24. Let j(t) = -4*t + t**2 + 11 - 7 - 3. Calculate j(z).
1
Let u(f) = 3*f**2 - f**3 + 2*f**2 - 1 - 6*f + 2. Suppose -2*s + 5*s = 2*o - 11, 0 = 2*o - s - 9. Calculate u(o).
-7
Let v be (18/(-15))/((-3)/10). Suppose -3*g - 6 = 0, 0 = v*i - i + 4*g + 14. Let k(p) = -p**3 - 2*p**2 - 2*p - 2. Give k(i).
2
Suppose 2*c - c + 3 = 0. Let l be (-14)/(-3) - (-2)/c. Suppose 3*p + d + 9 = 2*p, 0 = -l*p - 2*d - 28. Let t(i) = -i**3 - 6*i**2 - 3*i + 5. Determine t(p).
-5
Let g(h) = -8*h + 16. Let k(v) = v - 2. Let p(n) = 6*g(n) + 51*k(n). Suppose -3*f - i + 11 = 0, 0 = f + 5*i + 2 + 13. Calculate p(f).
9
Let k(f) = -f**2 + f - 1. Let m(d) = -2*d**2 + 3*d - 4. Let h(r) = -4*k(r) + m(r). Let l